{"id":147,"date":"2014-07-05T19:40:28","date_gmt":"2014-07-05T19:40:28","guid":{"rendered":"https:\/\/gtsenegal.com\/?page_id=147"},"modified":"2016-08-18T18:39:18","modified_gmt":"2016-08-18T18:39:18","slug":"uva","status":"publish","type":"page","link":"https:\/\/gtsenegal.com\/?page_id=147","title":{"rendered":"Uva"},"content":{"rendered":"<p><img loading=\"lazy\" decoding=\"async\" class=\"aligncenter wp-image-631\" src=\"https:\/\/gtsenegal.com\/wp-content\/uploads\/2016\/06\/UVA.png\" alt=\"UVA\" width=\"1003\" height=\"274\" data-id=\"631\" srcset=\"https:\/\/gtsenegal.com\/wp-content\/uploads\/2016\/06\/UVA.png 723w, https:\/\/gtsenegal.com\/wp-content\/uploads\/2016\/06\/UVA-300x82.png 300w\" sizes=\"auto, (max-width: 1003px) 100vw, 1003px\" \/><\/p>\n<p>Fruto de la vid, arbusto de la familia de las Vit\u00e1ceas. Es un fruto en baya redonda, peque\u00f1a y jugosa que crece formando racimos. Tiene su origen en el C\u00e1ucaso y Asia occidental.<\/p>\n<p>Con GreenGrocer Senegal podr\u00e1 disponer de Uva durante todo el a\u00f1o con la garant\u00eda de la mejor calidad. Su cultivo va acompa\u00f1ado siempre de\u00a0 t\u00e9cnicas avanzadas y respetuosas con el medio ambiente. Nuestros especialistas se encargan de escoger los productos en las mejores condiciones.<\/p>\n<p>En GreenGrocer Senegal est\u00e1n disponibles las siguientes variedades de uva:<\/p>\n<ul>\n<li>Roja<\/li>\n<li>Con Pepitas<\/li>\n<li>Blanca<\/li>\n<li>Sin Pepitas<\/li>\n<\/ul>\n<p>&nbsp;<\/p>\n<p><img loading=\"lazy\" decoding=\"async\" class=\"aligncenter wp-image-663\" src=\"https:\/\/gtsenegal.com\/wp-content\/uploads\/2016\/06\/UVA-1.png\" alt=\"UVA\" width=\"591\" height=\"418\" data-id=\"663\" srcset=\"https:\/\/gtsenegal.com\/wp-content\/uploads\/2016\/06\/UVA-1.png 1754w, https:\/\/gtsenegal.com\/wp-content\/uploads\/2016\/06\/UVA-1-300x212.png 300w, https:\/\/gtsenegal.com\/wp-content\/uploads\/2016\/06\/UVA-1-768x543.png 768w, https:\/\/gtsenegal.com\/wp-content\/uploads\/2016\/06\/UVA-1-1024x724.png 1024w\" sizes=\"auto, (max-width: 591px) 100vw, 591px\" \/><\/p>\n<p><strong><em><u>Garant\u00edas de conservaci\u00f3n y trasporte<\/u><\/em><\/strong><\/p>\n<p>Las recomendaciones para la conservaci\u00f3n durante el transporte de este tipo de fruta son refrigerada entre 2\u00ba y 4\u00baC. GreenGrocer Senegal garantiza que se mantiene la cadena fr\u00edo durante el transporte desde la recolecta hasta su entrega.<\/p>\n<p>&nbsp;<\/p>","protected":false},"excerpt":{"rendered":"<p>Fruto de la vid, arbusto de la familia de las Vit\u00e1ceas. Es un fruto en baya redonda, peque\u00f1a y jugosa que crece formando racimos. Tiene su origen en el C\u00e1ucaso y Asia<a class=\"moretag\" href=\"https:\/\/gtsenegal.com\/?page_id=147\">Read More&#8230;<\/a><\/p>\n","protected":false},"author":1,"featured_media":0,"parent":49,"menu_order":0,"comment_status":"closed","ping_status":"closed","template":"","meta":{"footnotes":""},"class_list":["post-147","page","type-page","status-publish","hentry"],"_links":{"self":[{"href":"https:\/\/gtsenegal.com\/index.php?rest_route=\/wp\/v2\/pages\/147","targetHints":{"allow":["GET"]}}],"collection":[{"href":"https:\/\/gtsenegal.com\/index.php?rest_route=\/wp\/v2\/pages"}],"about":[{"href":"https:\/\/gtsenegal.com\/index.php?rest_route=\/wp\/v2\/types\/page"}],"author":[{"embeddable":true,"href":"https:\/\/gtsenegal.com\/index.php?rest_route=\/wp\/v2\/users\/1"}],"replies":[{"embeddable":true,"href":"https:\/\/gtsenegal.com\/index.php?rest_route=%2Fwp%2Fv2%2Fcomments&post=147"}],"version-history":[{"count":7,"href":"https:\/\/gtsenegal.com\/index.php?rest_route=\/wp\/v2\/pages\/147\/revisions"}],"predecessor-version":[{"id":1020,"href":"https:\/\/gtsenegal.com\/index.php?rest_route=\/wp\/v2\/pages\/147\/revisions\/1020"}],"up":[{"embeddable":true,"href":"https:\/\/gtsenegal.com\/index.php?rest_route=\/wp\/v2\/pages\/49"}],"wp:attachment":[{"href":"https:\/\/gtsenegal.com\/index.php?rest_route=%2Fwp%2Fv2%2Fmedia&parent=147"}],"curies":[{"name":"wp","href":"https:\/\/api.w.org\/{rel}","templated":true}]}}