{"id":87,"date":"2014-07-05T00:03:37","date_gmt":"2014-07-05T00:03:37","guid":{"rendered":"https:\/\/gtsenegal.com\/?page_id=87"},"modified":"2016-08-18T18:59:50","modified_gmt":"2016-08-18T18:59:50","slug":"naranjas","status":"publish","type":"page","link":"https:\/\/gtsenegal.com\/?page_id=87","title":{"rendered":"Naranja"},"content":{"rendered":"<p>&nbsp;<\/p>\n<p><img loading=\"lazy\" decoding=\"async\" class=\"aligncenter  wp-image-611\" src=\"https:\/\/gtsenegal.com\/wp-content\/uploads\/2016\/06\/NARANJA.png\" alt=\"NARANJA\" width=\"1003\" height=\"274\" data-id=\"611\" srcset=\"https:\/\/gtsenegal.com\/wp-content\/uploads\/2016\/06\/NARANJA.png 723w, https:\/\/gtsenegal.com\/wp-content\/uploads\/2016\/06\/NARANJA-300x82.png 300w\" sizes=\"auto, (max-width: 1003px) 100vw, 1003px\" \/><\/p>\n<p>Fruto del naranjo dulce, \u00e1rbol de la familia de las Rut\u00e1ceas. El fruto se denomina hesp\u00e9ride por que tiene la pulpa formada por numerosas ves\u00edculas llenas de jugo. Presentan un color anaranjado, del que proviene su nombre. Originaria de China.<\/p>\n<p>Con GreenGrocer Senegal podr\u00e1 disponer de la Naranja durante todo el a\u00f1o con la garant\u00eda de la mejor calidad. Su cultivo va acompa\u00f1ado siempre de\u00a0 t\u00e9cnicas avanzadas y respetuosas con el medio ambiente. Nuestros especialistas se encargan de escoger los productos en las mejores condiciones.<\/p>\n<p><img loading=\"lazy\" decoding=\"async\" class=\"aligncenter  wp-image-656\" src=\"https:\/\/gtsenegal.com\/wp-content\/uploads\/2016\/06\/NARANJA-1.png\" alt=\"NARANJA\" width=\"596\" height=\"421\" data-id=\"656\" srcset=\"https:\/\/gtsenegal.com\/wp-content\/uploads\/2016\/06\/NARANJA-1.png 1754w, https:\/\/gtsenegal.com\/wp-content\/uploads\/2016\/06\/NARANJA-1-300x212.png 300w, https:\/\/gtsenegal.com\/wp-content\/uploads\/2016\/06\/NARANJA-1-768x543.png 768w, https:\/\/gtsenegal.com\/wp-content\/uploads\/2016\/06\/NARANJA-1-1024x724.png 1024w\" sizes=\"auto, (max-width: 596px) 100vw, 596px\" \/><\/p>\n<p><strong><em><u>Garant\u00edas de conservaci\u00f3n y trasporte<\/u><\/em><\/strong><\/p>\n<p>Las recomendaciones para la conservaci\u00f3n durante el transporte de este tipo de hortaliza son refrigerada entre 2\u00ba y 4\u00baC. GreenGrocer Senegal garantiza que se mantiene la cadena fr\u00edo durante el transporte desde la recolecta hasta su entrega.<\/p>\n<p>&nbsp;<\/p>","protected":false},"excerpt":{"rendered":"<p>&nbsp; Fruto del naranjo dulce, \u00e1rbol de la familia de las Rut\u00e1ceas. El fruto se denomina hesp\u00e9ride por que tiene la pulpa formada por numerosas ves\u00edculas llenas de jugo. Presentan un color<a class=\"moretag\" href=\"https:\/\/gtsenegal.com\/?page_id=87\">Read More&#8230;<\/a><\/p>\n","protected":false},"author":1,"featured_media":0,"parent":49,"menu_order":0,"comment_status":"closed","ping_status":"closed","template":"","meta":{"footnotes":""},"class_list":["post-87","page","type-page","status-publish","hentry"],"_links":{"self":[{"href":"https:\/\/gtsenegal.com\/index.php?rest_route=\/wp\/v2\/pages\/87","targetHints":{"allow":["GET"]}}],"collection":[{"href":"https:\/\/gtsenegal.com\/index.php?rest_route=\/wp\/v2\/pages"}],"about":[{"href":"https:\/\/gtsenegal.com\/index.php?rest_route=\/wp\/v2\/types\/page"}],"author":[{"embeddable":true,"href":"https:\/\/gtsenegal.com\/index.php?rest_route=\/wp\/v2\/users\/1"}],"replies":[{"embeddable":true,"href":"https:\/\/gtsenegal.com\/index.php?rest_route=%2Fwp%2Fv2%2Fcomments&post=87"}],"version-history":[{"count":5,"href":"https:\/\/gtsenegal.com\/index.php?rest_route=\/wp\/v2\/pages\/87\/revisions"}],"predecessor-version":[{"id":1028,"href":"https:\/\/gtsenegal.com\/index.php?rest_route=\/wp\/v2\/pages\/87\/revisions\/1028"}],"up":[{"embeddable":true,"href":"https:\/\/gtsenegal.com\/index.php?rest_route=\/wp\/v2\/pages\/49"}],"wp:attachment":[{"href":"https:\/\/gtsenegal.com\/index.php?rest_route=%2Fwp%2Fv2%2Fmedia&parent=87"}],"curies":[{"name":"wp","href":"https:\/\/api.w.org\/{rel}","templated":true}]}}